s 110 - 1010111?
-1010001
In base 12, what is -7 + 164?
159
In base 13, what is 0 + 182?
182
In base 15, what is 2 - 4c?
-4a
In base 16, what is 15c - 3?
159
In base 5, what is -1 - -3141?
3140
In base 5, what is -1130 - 2?
-1132
In base 14, what is -3a1 + 6?
-399
In base 3, what is 10102 + -21120?
-11011
In base 10, what is 4 - 522?
-518
In base 9, what is -13 - 47?
-61
In base 4, what is -2 + 231?
223
In base 14, what is -6 - 0?
-6
In base 8, what is 1 + 270?
271
In base 8, what is -320 - -2?
-316
In base 14, what is 1 + 45?
46
In base 15, what is -5 + 47?
42
In base 16, what is -33 + 9?
-2a
In base 6, what is 154 - -4?
202
In base 5, what is 304 + 31?
340
In base 16, what is 5 - -3e?
43
In base 14, what is -1cc - 5?
-1d3
In base 15, what is 28 + 6?
2e
In base 13, what is -3 - -412?
40c
In base 10, what is -17905 - -5?
-17900
In base 9, what is 238 + 5?
244
In base 15, what is -2493 + 4?
-248e
In base 13, what is -8c + -4b?
-10a
In base 12, what is -4 + -46?
-4a
In base 13, what is -233 - 0?
-233
In base 3, what is -2010002 + 11?
-2002221
In base 16, what is 169 - 2?
167
In base 14, what is 2 - -d5?
d7
In base 13, what is 5712 - 0?
5712
In base 4, what is 1221 + 2?
1223
In base 10, what is -40 - -127?
87
In base 6, what is 14310 - 0?
14310
In base 15, what is -b + 1?
-a
In base 2, what is 101110 + 110?
110100
In base 12, what is -ab + -17?
-106
In base 16, what is 238 + 6?
23e
In base 8, what is 4 + 1022?
1026
In base 4, what is 2 + 200033?
200101
In base 10, what is -807 + -3?
-810
In base 16, what is -234 - 1?
-235
In base 9, what is -1886 - -3?
-1883
In base 5, what is 30 - 1041?
-1011
In base 12, what is -2 + -122?
-124
In base 6, what is 5 + 131?
140
In base 11, what is 0 + -597?
-597
In base 9, what is -5 + 6576?
6571
In base 6, what is 150555 + 1?
151000
In base 10, what is -14 - -20?
6
In base 16, what is 62 + 8?
6a
In base 12, what is 2a + -2a?
0
In base 12, what is 12 - 1?
11
In base 8, what is -22 - -32?
10
In base 6, what is -5043 - -5?
-5034
In base 13, what is 1 - 71?
-70
In base 5, what is -40 - 412?
-1002
In base 8, what is -2 - -242?
240
In base 4, what is 110122 + 0?
110122
In base 16, what is 161a - 0?
161a
In base 13, what is b + -c?
-1
In base 15, what is 1 - -388?
389
In base 12, what is 22 - -2?
24
In base 10, what is 58 - 163?
-105
In base 6, what is -4 - 13112?
-13120
In base 7, what is -1262 - -24?
-1235
In base 13, what is -2b - 10?
-3b
In base 16, what is -a2 - -4?
-9e
In base 14, what is -136 + 2?
-134
In base 7, what is 14 + -34?
-20
In base 3, what is 2 + 112121?
112200
In base 10, what is 1 - -216?
217
In base 14, what is 96 + -8?
8c
In base 7, what is 23 - -65?
121
In base 6, what is 232 + -131?
101
In base 16, what is -7 - -b?
4
In base 10, what is -1 - 1774?
-1775
In base 14, what is 5d7 + 0?
5d7
In base 7, what is -5 - 1021?
-1026
In base 4, what is -12122 - 11?
-12133
In base 11, what is 46a - 9?
461
In base 15, what is 3 - dab?
-da8
In base 6, what is -321 - 5?
-330
In base 3, what is -1022 + -222122?
-1000221
In base 10, what is -2184 - -2?
-2182
In base 15, what is -1 + -d0?
-d1
In base 8, what is 61 - 36?
23
In base 6, what is 30 - 3?
23
In base 16, what is -15 - 3?
-18
In base 12, what is 12 - 34?
-22
In base 6, what is -3 - 2002?
-2005
In base 12, what is 5 + -143?
-13a
In base 13, what is 6b1 + 0?
6b1
In base 16, what is 5 + 262?
267
In base 9, what is -14 - 233?
-247
In base 5, what is 1 - -140?
141
In base 15, what is 6b8 - -2?
6ba
In base 10, what is -1698 - -3?
-1695
In base 8, what is 1 - -2074?
2075
In base 3, what is 101100111 - 10?
101100101
In base 9, what is 13 - -17?
31
In base 3, what is 222 + 1100010?
1101002
In base 2, what is -10 + 11001100?
11001010
In base 16, what is 5 + 18a?
18f
In base 2, what is -101100 + -1100?
-111000
In base 8, what is -42 - -5?
-35
In base 3, what is 21 - 10?
11
In base 12, what is -5 + 17?
12
In base 2, what is -10111 + 11001?
10
In base 6, what is 2 + -2532?
-2530
In base 5, what is 2 + 4342?
4344
In base 6, what is 11 - 1335?
-1324
In base 6, what is -20052 + 5?
-20043
In base 6, what is 0 - 24?
-24
In base 4, what is 13 - 1?
12
In base 4, what is 0 - -310?
310
In base 13, what is 1b62 + -5?
1b5a
In base 5, what is 3032 - 2?
3030
In base 3, what is 1211 - -2?
1220
In base 16, what is 2 - -c?
e
In base 16, what is 31 - 2?
2f
In base 13, what is 46c - 3?
469
In base 3, what is -2 + -2002?
-2011
In base 4, what is 121 - -32?
213
In base 3, what is 212 + 102?
1021
In base 9, what is -31 + -18?
-50
In base 11, what is 270 + 5?
275
In base 9, what is -227 + -4?
-232
In base 6, what is -130 + 130?
0
In base 9, what is 4 + 203?
207
In base 4, what is -11 - 33?
-110
In base 10, what is 2 - -174?
176
In base 4, what is -2313131 - 1?
-2313132
In base 15, what is ba + 3?
bd
In base 2, what is -1 + -1011010?
-1011011
In base 4, what is -3 - 123012?
-123021
In base 3, what is -21002011 - 10?
-21002021
In base 3, what is 12 + -120112?
-120100
In base 6, what is -1 + 442?
441
In base 15, what is -52b - 0?
-52b
In base 4, what is -30 + 2130?
2100
In base 5, what is 3 - -43?
101
In base 6, what is 1 - 42002?
-42001
In base 7, what is 3 + -144?
-141
In base 6, what is 121 + 1?
122
In base 13, what is -3 + -19?
-1c
In base 12, what is 19 + -1?
18
In base 6, what is 1 + 123?
124
In base 2, what is 1000110 - 11?
1000011
In base 2, what is 11 + 11000?
11011
In base 3, what is -1010011 + 10?
-1010001
In base 13, what is 1464 + 5?
1469
In base 9, what is -5 - 1807?
-1813
In base 3, what is 10 + 112101?
112111
In base 10, what is -10260 - 0?
-10260
In base 5, what is 4431 + -40?
4341
In base 2, what is 1000 + 110011?
111011
In base 15, what is 1a + b?
26
In base 3, what is 2 + -22210?
-22201
In base 3, what is -10 - -1102?
1022
In base 4, what is -22 + -1112?
-1200
In base 9, what is 4 - 665?
-661
In base 4, what is 11232201 - -1?
11232202
In base 8, what is -4 + 412?
406
In base 15, what is 145 - -8?
14d
In base 6, what is 21 - 1244?
-1223
In base 14, what is -102 + 8?
-d8
In base 3, what is -2120 - -11100?
1210
In base 10, what is -40 - 29?
-69
In base 6, what is -1404 + -2?
-1410
In base 3, what is 10 - -110111?
110121
In base 9, what is -2 + -46?
-48
In base 16, what is 3 - -179?
17c
In base 10, what is -5 - 329?
-334
In base 7, what is 124 - 4?
120
In base 4, what is -31031 + -102?
-31133
In base 11, what is -3 + 1375?
1372
In base 11, what is 1a3 - -3?
1a6
In base 11, what is -4 + -2?
-6
In base 14, what is -27b - -4?
-277
In base 16, what is 4 - -9a?
9e
In base 16, what is -6a - -6?
-64
In base 5, what is -13201 + -2?
-13203
In base 10, what is -133 + 5?
-128
In base 3, what is -1120 + -110?
-2000
In base 7, what is 5 - 154?
-146
In base 13, what is bab + -3?
ba8
In base 4, what is -11 - 1?
-12
In base 12, what is -8 - 10?
-18
In base 11, what is 4 - -135?
139
In base 15, what is cd - 12?
bb
In base 16, what is 2 + -543?
-541
In base 14, what is -4 + -3?
-7
In base 4, what is -1233330 + -2?
-1233332
In base 2, what is -10 - -11000110?
11000100
In base 7, what is -4 - 2?
-6
In base 10, what is 0 - -26?
26
In base 4, what is 3 - 1221?
-1212
In base 13, what is 174 + 4?
178
In base 2, what is 111100100 - -11?
111100111
In base 5, what is 32232 + 1?
32233
In base 11, what is -1881 + 2?
-187a
In base 12, what is -60 - -42?
-1a
In base 5, what is 2 - 243?
-241
In base 5, what is 0 + 24021?
24021
In base 14, what is -10b - 0?
-10b
In base 6, what is 110 - -5?
115
In base 7, what is 534 + 131?
665
In base 12, what is 2a3 - 3?
2a0
In base 11, what is 5 + 12a?
134
In base 16, what is -d6 + 3?
-d3
In base 13, what is 2 + -459?
-457
In base 4, what is 13111 + -10?
13101
In base 2, what is -10000 - 10101010?
-10111010
In base 11, what is -14 - 47?
-60
In base 4, what is -11 - -23002?
22331
In base 14, what is -1b6b - -1?
-1b6a
In base 8, what is -34 - 12?
-46
In base 2, what is -11011 - -10?
-11001
In base 12, what is 5 + 2aa?
2b3
In base 2, what is -111111 + 101?
-111010
In base 13, what is 1 + 33?
34
In base 13, what is 2c6 - -3?
2c9
In base 11, what is -4 + 460?
457
In base 13, what is -1b8 + -1?
-1b9
In base 7, what is -24 - -4?
-20
In base 4, what is -1010 + 3?
-1001
In base 3, what is 1 - 102100?
-102022
In base 15, what is 2 - -9d2?
9d4
In base 2, what is 11001010 - 100010?